 the remainder when a is divided by (-6)/2 - 4*g/6?
9
Suppose 4*v = -0*l - l + 33, -5*v = -3*l + 65. Let m(b) = 28*b - 2 - l*b + 12 + b**2. What is the remainder when m(-4) is divided by 8?
6
Let f(r) = -52*r**3 - 3*r - 3. What is the remainder when f(-2) is divided by 47?
43
Suppose -15*g + 69 = -0*g - 246. Calculate the remainder when 73 is divided by g.
10
What is the remainder when 4 - 4600/(-5) - (-2)/(-1) is divided by 7?
5
Suppose -4928 = f - 18*f - 11*f. What is the remainder when 366 is divided by f?
14
Let j = -149 + 452. Let q = j + -191. Calculate the remainder when q is divided by 29.
25
Suppose 2*w = 3*v - 24631, 47*v - 7*w - 16415 = 45*v. What is the remainder when v is divided by 191?
189
Let t = 1043 + -944. Let w(u) = 12*u**3 - 5*u**2 + u + 4. Let n be w(3). Suppose 7*k - t = n. Calculate the remainder when k is divided by 15.
10
Suppose 9*w + 234 = 477. Calculate the remainder when 330 is divided by w.
6
Let u(p) = 2*p + 8. Let x(t) = t + 1. Let h(n) = u(n) + 3*x(n). What is the remainder when h(3) is divided by 120/18*18/8?
11
Let i = -12379 + 17332. Calculate the remainder when i is divided by 28.
25
Let d(w) = 4 - 9 + 5*w - 18*w. Let h be d(-5). Suppose -2*p = 2*p - h. Calculate the remainder when 57 is divided by p.
12
Suppose -2*b = -r - 452, 5*b + 5*r - 1329 = -139. Calculate the remainder when 497 is divided by b.
37
What is the remainder when (((-969780)/7)/10)/((-6)/4) is divided by 40?
36
What is the remainder when (4 - (-4920)/(-18))/((-18)/27) is divided by 123?
35
Calculate the remainder when 4 - 4203*60/(-45) is divided by 55.
53
Let n be (-95)/76*2*-2. Suppose x + 2 = -0*x - 5*d, -n*x = 3*d - 100. What is the remainder when 654/16 + -4*3/(-96) is divided by x?
18
Let t(c) = -197*c + 4707. Calculate the remainder when 2325 is divided by t(18).
3
Let z = -8832 - -8976. Calculate the remainder when 306 is divided by z.
18
Let w = -4 + 33. Suppose 11*z = 42 + 90. Calculate the remainder when (110/(-4))/((-175)/14 + z) is divided by w.
26
Let d(v) = 3*v**2 - 18*v + 4. Suppose -6*q - 161 = -9*q + 199. What is the remainder when q is divided by d(7)?
20
Suppose s = 2*c + 835, -c + 5*s - 137 = 276. Let m = c - -446. What is the remainder when 137 is divided by m?
25
Let b = 111 - 59. Let j = 532 + -527. Calculate the remainder when b is divided by (100/j - 6)*(-3 + 4).
10
Let t = 321 - 321. Suppose t*b + q + 412 = 2*b, -3*b + 611 = -5*q. What is the remainder when b is divided by 54?
45
Suppose 3*v - 2*q - 105 = 0, 3*v - 5*q = -v + 133. Let u = -415 - -732. Let h = 341 - u. Calculate the remainder when v is divided by h.
13
Let f be 156/(-1 - -2*1). Let i be 1/((-168)/(-15) + -11). Suppose i*v - j = 196, f = 4*v + 2*j - 12. What is the remainder when v is divided by 14?
12
Let b(z) = 18*z - 5. Suppose 4*s - 5*w - 79 = 0, 4*w - 52 = -2*s - 2*s. Let i be 6/8 + ((-140)/s)/(-7). Calculate the remainder when b(i) is divided by 12.
7
Let r be (-78)/195 - (44/(-10) + -2). Suppose -r*z + 18 = -0*z. What is the remainder when 80 is divided by z?
2
Suppose -27 = -x + 3*f, 0 = 59*x - 57*x - f - 84. Calculate the remainder when 1753 is divided by x.
43
Let a = -20 - 31. Let l(t) = t**3 - 71*t**2 + 61*t + 595. Let s be l(70). Let p = s - a. Calculate the remainder when 60 is divided by p.
12
Let h be 1788/24 - 6/(-4) - -1. Suppose 4*o + 1 = h. What is the remainder when o is divided by 3?
1
Let i(z) = -3*z + z**2 + 8 - 4*z - 4*z + 8. Let m be i(9). Calculate the remainder when 6 is divided by (-3 - m)*-6 - 4.
0
Let l(t) = -63*t + 2389. What is the remainder when l(32) is divided by (4*-3*44/(-48))/1?
10
Suppose -5*o - 2 = 3*f - 58, 80 = 5*f + 5*o. Suppose 197*q - 199*q = 2*d - 142, -5*d + 5*q + 335 = 0. Calculate the remainder when d is divided by f.
9
Let w = 65 + -134. Let r be w/(-23)*1/(-3)*-2. Suppose r*q - 34 = 2*m, -3*m + 102 = 5*q + 17. Calculate the remainder when 99 is divided by q.
14
Let d = 24 + -22. Suppose 2*h + 2*n = 2, -d*h + 4*n = h - 17. Suppose -h*v + 70 = -v. What is the remainder when v is divided by 12?
11
Calculate the remainder when 1556 is divided by 70/1 - (-11529)/(-427).
8
Calculate the remainder when 2846 is divided by 1*534*1/6.
87
Let s = 14098 + -14008. Calculate the remainder when 371 is divided by s.
11
Let q be (-1)/(-3)*(1 + 8). Suppose 466 = 5*l + i - 0*i, -2*i - 290 = -q*l. Let t = 165 - l. What is the remainder when t is divided by 24?
23
Suppose 0 = 3*c - 2 - 7. Suppose -15 = 3*i, -c*i = -t - 2*i + 212. Suppose -980*h = -402*h - 479*h - 4158. Calculate the remainder when t is divided by h.
39
Let f = -8032 - -8055. Suppose -4*m + 264 = 3*z, 4*z + 264 = m + 3*m. What is the remainder when m is divided by f?
20
Let l(h) = -12*h**3 - 11*h**2 - 7*h + 6. What is the remainder when l(-3) is divided by 2?
0
Let k(m) = m**3 + 9*m**2 - 16*m + 2. Let p be k(-8). Suppose -79 = -13*y + p. Let u = -2 - -63. Calculate the remainder when u is divided by y.
19
Let g = 1252 + -640. What is the remainder when g is divided by 44?
40
Let f(h) = 416*h**3 - h**2 + 2*h - 2. What is the remainder when f(1) is divided by 21?
16
Let s(k) = 7*k. Suppose 2*m = 6 + 2. What is the remainder when s(m) is divided by (-616)/(-64) - ((-3)/(-36))/(10/(-45))?
8
Let i = -3952 - -3991. What is the remainder when 187 is divided by i?
31
Let m(l) = 20*l - 474. Let c be m(24). Let q(g) = g**2 + 2*g. Let r be q(-2). Suppose r = -3*h + c*h - 141. What is the remainder when 92 is divided by h?
45
Let v be 4 - (1 - -5 - 4). Suppose -8 = 2*u - 0, 4*u = v*r - 244. What is the remainder when r is divided by 40?
34
Let n(q) = q**2 - 14*q + 13. Let f be (-7)/((-35)/(-30)) + -4. Calculate the remainder when n(f) is divided by 22.
11
Let n = -48 - -55. Suppose 3*o - 3 = 9. Suppose 0 = -o*v + 7*v - 6. What is the remainder when n is divided by v?
1
Suppose 7*y + 7 = -21. What is the remainder when 21 is divided by (-4*(3 + y))/(2/3)?
3
Suppose 231765 - 80343 + 187218 = 136*d. What is the remainder when d is divided by 47?
46
Suppose -t + 2*w + 37 = -w, -3*t + 91 = -4*w. Suppose 0 = -x - 49*x + 12400. Calculate the remainder when x is divided by t.
23
Let a(f) = 3*f**2 + 36*f + 6. Let d = -3 + -21. Let g = d + 30. What is the remainder when g is divided by a(-12)?
0
Let v be (4/(-12))/(2/18) - -1. Let t be (v + -4)*(-3)/2. Suppose -n + t + 2 = 0. What is the remainder when 43 is divided by n?
10
Let a = 266 + -388. Let x = 251 + a. Calculate the remainder when x is divided by 35.
24
Let n = -1217 - -2439. Calculate the remainder when n is divided by 12.
10
Let a(t) = 16*t - 73. Let p = -302 - -309. Suppose 2*j - 88 = -4*q - 0*q, 0 = 4*q - 2*j - 88. Calculate the remainder when a(p) is divided by q.
17
Suppose -2*h - 52 = -2*j, 21*j - 19*j - 3 = -5*h. What is the remainder when 4059 is divided by j?
12
Let v(c) = 3*c + 2. Let d be v(-2). Let j be 1/4*-1 + d/(-16). Suppose 0*w - 4*w + 104 = j. What is the remainder when w is divided by 9?
8
Let l = 348 - 272. Let o = 121 - l. Calculate the remainder when 359 is divided by o.
44
Let i = -561 - -559. What is the remainder when 412 is divided by i*(16/(-3))/(8/12)?
12
Suppose 3466 = 3*l + 1132. What is the remainder when l is divided by 60?
58
Suppose -6*q + 58 + 20 = 0. Let f = 98 - 280. What is the remainder when q is divided by ((-3)/(-2))/((-39)/f)?
6
Let q(d) = 5*d + 26. Let r be q(-9). Let f(b) = 2*b + 140. What is the remainder when f(r) is divided by 27?
21
Let z = -2927 + 2934. Suppose 5*b - 116 = 4*x, 0 = -2*x + 3*b - b - 56. Let i = z - x. What is the remainder when i is divided by 8?
7
Let t(n) = -n - 9. Let z be t(-9). Suppose z = m + 5, 3*x + 8*m - 3*m = 113. Calculate the remainder when 273 is divided by x.
43
Let g(a) = 7*a**2 + 13*a + 5. What is the remainder when 4 + 42*2 + -3 is divided by g(-3)?
27
Suppose 0 = -4*w + 2482 - 94. Suppose 153 = -4*a + w. Let k(t) = t**2 - 192*t - 5156. Calculate the remainder when a is divided by k(-24).
27
Let f = -9567 - -9670. Calculate the remainder when f is divided by 45.
13
Suppose -352 = 15*q - 26*q. Suppose 0 = -3*z + q - 2. What is the remainder when 219 is divided by z?
9
What is the remainder when ((-33285)/28*2)/(2/(-4)) is divided by 116?
115
Let s(d) = -6*d - 6. Suppose -x - 7 + 47 = 5*i, 3*i + 2*x = 17. What is the remainder wh